 a composite number?
False
Suppose -10*g = 329 - 419. Is 2*g/48 + (-104340)/(-32) composite?
True
Is (-14 + 2 - -4) + 886530/30 prime?
False
Let o = 883 - 296. Suppose w - 3*v - 3603 = o, 8378 = 2*w - 4*v. Is w a composite number?
True
Let v(t) = 12*t + 18. Let c be v(-14). Let l = 7 - c. Is l a composite number?
False
Suppose -2*q + 54 = -2*d - 124, -q + 4*d = -98. Is q - (5 + (-3 + 2)*2) a prime number?
True
Let t be -4402*(-2)/(-2)*-1. Let p = -367 + 573. Suppose 4*x + p = t. Is x composite?
False
Suppose -3*u - 18 = -t, -5*t - u - 5 = 3*u. Let w be (3 - 15) + 5 + (-716)/(-2). Suppose -w - 978 = -t*r. Is r prime?
True
Let s(u) = -2*u**2 - 8*u - 6. Let k be s(-9). Let z = -98 - k. Is 2*(-2)/z*447/6 composite?
False
Suppose 75 = 16*l - l. Suppose -3*x = l*d - 1458, -3*d = 4*x - 99 - 778. Is d composite?
True
Suppose -4*j = -3*f + 8*f - 122393, 5*j = f - 24496. Is f a composite number?
False
Suppose 0 = 5*y + 4*x - 49789, 7*y - 5*x - 39864 = 3*y. Suppose 0*p - 19898 = -2*d + 4*p, -d + y = p. Is d a composite number?
True
Let g = -46 + 69. Suppose g = -2*b + 27. Suppose -5*n + 4*w + 5011 = 0, 4*n + b*w - 4010 = 4*w. Is n a composite number?
True
Suppose -2*o = -2*q + 1093252, -558*o + 557*o + 1093255 = 2*q. Is q a composite number?
True
Suppose -5*d = j - d - 5726, -5*d = -3*j + 17263. Let m = j - 3032. Suppose -m = -2*b + 4*i, 0 = b + i + i - 1365. Is b a composite number?
False
Let x(c) = -6*c + 9. Let r be x(1). Suppose 532 = q + r*s, -2*q + 5*s + 819 = -278. Is q a composite number?
False
Let t(l) = 9975*l - 772. Is t(5) prime?
True
Let r = 150143 - 90880. Is r a composite number?
False
Is 1216075/15 + (-5)/3 + 2 + -1 composite?
False
Suppose -24556 - 7469 = 7*j. Let r = -2918 - j. Is r prime?
True
Is 7 - (1 - (632481 - 14)) a composite number?
False
Let s = 60 + -58. Let c be s/((-4)/44830*-5). Suppose -4785 = -4*o + c. Is o a prime number?
False
Suppose 1672 = 5*g + 4*b - 582, -b = -5*g + 2274. Suppose 217 = q - 3*y, 0 = q - 3*q - 4*y + g. Is q a composite number?
False
Suppose -80 = -4*n - 4*x, 5*n = 2*n + x + 44. Let v = -11 + n. Is (794/4)/(v*(-1)/(-10)) prime?
True
Let h(x) = 291*x - 58. Let y be h(6). Suppose -2*j + n = -27674, j - y = -2*n + 12139. Is j prime?
False
Let s(r) be the second derivative of 205*r**4/4 + 2*r**3/3 - 2*r**2 + 310*r. Is s(-3) composite?
False
Let f(o) = 143*o**2 + 32*o - 10. Let x(c) = -47*c**2 - 11*c + 3. Let k(v) = 6*f(v) + 17*x(v). Is k(2) composite?
True
Let o(r) = 27*r - 272. Let a be o(8). Is -2*a/(-16) - -9486 composite?
False
Let b(t) = t**2 + 17. Let x be b(5). Suppose x*o = 37*o + 3245. Suppose 0*r - 2*r = q - o, -987 = -3*r + 3*q. Is r composite?
True
Let c(i) = -68*i + 11. Suppose -8*n - 72 + 16 = 0. Let d be c(n). Suppose 0 = -5*k + 2622 - d. Is k a composite number?
True
Let t be 12/(-6)*(1 + 1)/(-1). Suppose -2*j = -5*f + 82, 3*f - 5*j - 69 = -f. Is 94 - 0*(f/4)/t a composite number?
True
Let p = 11 + -6. Let f(m) = -2*m + 15. Let g be f(p). Suppose 0 = 4*n - g*b - 199, 2*b = -2*n - n + 155. Is n composite?
True
Let l = 17717 + 6006. Is l a prime number?
False
Let b = 69 + -40. Suppose -25*c + b*c - 24 = 0. Suppose -34 = -o + 5*s, -s + 6*s = -o - c. Is o prime?
False
Suppose 4*z = 3*v - 9*v + 46414, z - 11584 = 5*v. Is z prime?
False
Suppose k - 7205 = -2*y - 4*k, 3*y - 4*k = 10750. Suppose 0*s + 2160 = 3*f - 3*s, 5*f = -5*s + y. Is f composite?
False
Suppose -64*f + 7447080 = 513896. Is f composite?
True
Let y = 7 + 6. Let j(q) = 18*q - 31. Let f be j(y). Suppose 3*d - 5*b - 250 = 0, 139 + f = 4*d + 2*b. Is d a prime number?
False
Let b = 101991 + -67313. Suppose -b = -71*v + 57*v. Is v a composite number?
False
Is (54/(-108))/(1*(-2)/1290004) a composite number?
False
Suppose x - 10088 = y + 2277, -x = -5*y - 12377. Let g = x - 8799. Is g composite?
True
Suppose 5*t - b - 4 - 3 = 0, 0 = -2*t + 2*b - 2. Let s(q) = 2*q**3 - q**2 - 2. Let l be s(t). Is l/(-8)*(0 + -593 - 3) prime?
False
Let m = 2049 + 24994. Is m a composite number?
False
Suppose u = -0*u + 3. Let m be 0/15*4/12. Suppose -s - u = m, -292 = -0*w - 5*w - s. Is w a composite number?
False
Suppose -5*x + 8*x = -87. Let c be x/14*-4 - (-28)/(-98). Suppose -c*m + 2*m = -2802. Is m composite?
False
Let h be 3/(-2)*144/(-54). Let x be h/(-8)*0/(-6). Suppose 2*d = -3*t + 3511, -3*d + 5*d - 3*t - 3493 = x. Is d composite?
True
Let o be 360/162 - (-2)/(-9). Suppose 4*w - h = 7 + 4, 0 = -o*h + 2. Suppose 4*n - 2*n + 745 = w*f, n = 3*f - 746. Is f prime?
False
Let t = 8703 + -2702. Is t composite?
True
Is (317127/(-12))/(-19 + (-1050)/(-56)) composite?
True
Suppose -i - 2*q + 588045 = 0, -3*i + 2*q = -q - 1764063. Is i prime?
False
Suppose -2*h - 14 = -2*c, 0 = -4*h + c - 2*c - 8. Let k be (1 + 53)/(-2*h/33). Suppose 5 = 5*q, 353 = v - 5*q - k. Is v prime?
False
Suppose -4*m + 668719 = 4*l - 342541, -1264081 = -5*m - 2*l. Is m a composite number?
False
Let n = -5477 - -17991. Suppose 6*s = l + 7*s - n, 37547 = 3*l - 2*s. Is l composite?
True
Let c(k) be the third derivative of -37*k**2 + 17/6*k**3 + 0*k + 195/8*k**4 + 0. Is c(2) prime?
True
Suppose -185*p - 390 = -190*p. Suppose 2*u + 2*u - 174 = -2*f, -190 = -5*u + 3*f. Let v = p - u. Is v composite?
False
Suppose -10*n + 6 = -8*n. Suppose -3 = -l + n. Suppose l*i = -627 + 1497. Is i composite?
True
Let g(i) = i**3 - 29*i**2 + 72*i - 49. Is g(30) prime?
True
Suppose 22*y - 16766 = 21*y - m, -2*y = -2*m - 33544. Is y a prime number?
False
Let x(n) = 5324*n - 1745. Is x(9) a prime number?
True
Let t be ((-3)/9)/(6*6/1006452). Let b = t - -6180. Let l = -1346 - b. Is l prime?
False
Let q(y) = 500*y**2 - 55*y + 73. Is q(4) a composite number?
False
Suppose 984473 = 4*t + 3*c - 419412, 0 = -5*t - 3*c + 1754854. Is t a prime number?
False
Let w(z) = z**3 + 3*z**2 - 2*z - 6. Let o be w(-3). Suppose 27 = 9*r - o*r. Suppose 505 = r*f - 68. Is f a composite number?
False
Let c be (-14)/(-7) + -1*(-1396)/(-1). Let b = 4005 - c. Is b prime?
True
Let q = -453050 + 777161. Is q a composite number?
True
Suppose 35*a = 6*a - 111*a + 209043940. Is a composite?
False
Let j = 456 + 61. Suppose 518 = -5*d + 4*k + 3167, d - j = 4*k. Is d composite?
True
Suppose -9*k - 4*t = -7*k + 24, 5*k + 32 = -3*t. Is ((-60046)/k - 1)*(-4)/(-6) prime?
True
Suppose 5*a = -2*d - 1 - 1, -57 = -5*d + 3*a. Suppose d - 24 = -3*l. Suppose 2*k - 395 = -l*z + 22, 5*k = -20. Is z a composite number?
True
Let d = -50 - -54. Suppose 3*z = 7*z - r - 142, 4*z - 148 = d*r. Is z composite?
True
Let q(r) = 19354*r**2 + 124*r - 241. Is q(2) a prime number?
False
Let f(g) = g**2 + 31*g + 35. Let c be f(-30). Suppose -h = -c*s - 2558, 4*h - 4*s - s - 10157 = 0. Is h composite?
True
Let r(c) = 1735*c + 37. Let d be r(-7). Is (-1 + 0)/((-6)/d*-2) composite?
False
Let y = 3 - 3. Let f = y - 12. Is 3/2 + 2/(f/(-681)) a prime number?
False
Suppose 0*s + 132136 = -5*s - 3*i, -3*s = -i + 79290. Is (-4)/6 + s/(-39) prime?
True
Is 16589 - (-15 - (18 + -19)) composite?
False
Let j(d) = d**3 - 10*d**2 + 10*d - 4. Let m be j(9). Let t be 20*m/(80/5812). Suppose 11*f - t - 4637 = 0. Is f composite?
True
Let v = 16622 + -10518. Let n = v - -1685. Is n composite?
False
Let d(x) = 263*x + 8. Let q be d(2). Let t be q/(-30) - 8/(-10). Let i = 9 - t. Is i a composite number?
True
Suppose -200*l + 199*l + 5 = 0, -o + 1792573 = 4*l. Is o prime?
False
Suppose 4*f - 3*f - p + 17 = 0, 2*f + 49 = -p. Let w = -21 - f. Is 1/w*2595/5 a composite number?
True
Suppose 527716 + 1181932 = 16*n. Is n composite?
False
Let n be (-6)/(-15) + (-2048)/(-80). Let j(x) = 0*x**2 + 0*x + 8*x - 17 + 2*x**2. Is j(n) a prime number?
True
Let c be ((-3)/(-6))/((21/(-216328))/(-3)). Suppose 17*b - c = 13*b. Is b a prime number?
True
Suppose -5*v - 62 = -3*v. Let h = v + 36. Let x(l) = 208*l - 13. Is x(h) composite?
True
Let z = -149 + 71. Let s = z - -329. Is s/(-4*2/(-16)) a composite number?
True
Let r(j) be the third derivative of -j**9/60480 - j**8/10080 + 17*j**6/144 + j**5/60 + 7*j**2. Let v(n) be the third derivative of r(n). Is v(0) composite?
True
Let i(x) = 521*x - 295. Is i(58) composite?
True
Let f = 329 + -329. Suppose s - 3 = f, -5*m - 4*s = -s - 9314. Is m prime?
True
Let v be 38984/220 - ((-2)/(-5))/2. Let t = v + 328. Is t prime?
False
Is 1/2*(-404 - -1191930) a comp